oes 258 divide 7211?
False
Is 96 a factor of 4245614?
False
Is 643153 a multiple of 823?
False
Does 15 divide 21308?
False
Is 218890 a multiple of 7?
True
Does 5 divide 141086?
False
Does 5 divide 1483441?
False
Is 11 a factor of 5419664?
False
Is 114 a factor of 217740?
True
Is 6 a factor of 6323066?
False
Is 2233440 a multiple of 47?
True
Is 19411155 a multiple of 1724?
False
Does 171 divide 593028?
True
Is 4 a factor of 178445?
False
Is 1402226 a multiple of 259?
True
Is 1935956 a multiple of 1012?
True
Is 44 a factor of 78403?
False
Does 10 divide 657200?
True
Is 205 a factor of 504915?
True
Does 405 divide 588870?
True
Does 948 divide 2668620?
True
Is 72903 a multiple of 171?
False
Does 21 divide 507?
False
Does 51 divide 9243?
False
Does 66 divide 4069039?
False
Is 9200 a multiple of 230?
True
Is 382 a factor of 521125?
False
Does 275 divide 986138?
False
Does 12 divide 28308?
True
Is 26768 a multiple of 112?
True
Does 10 divide 173460?
True
Is 13 a factor of 6045?
True
Is 362 a factor of 824680?
False
Is 1217324 a multiple of 16?
False
Is 781792 a multiple of 352?
True
Is 262080 a multiple of 13?
True
Is 2564778 a multiple of 34?
False
Does 19 divide 450243?
True
Is 9552 a multiple of 16?
True
Is 598344 a multiple of 21?
False
Does 24 divide 72454?
False
Does 19 divide 13715166?
False
Is 8 a factor of 4000?
True
Is 21 a factor of 235074?
True
Is 9 a factor of 40113?
True
Is 589 a factor of 414067?
True
Does 159 divide 208975?
False
Is 587496 a multiple of 74?
False
Does 115 divide 435850?
True
Is 20 a factor of 136319?
False
Is 285 a factor of 712035?
False
Is 24126506 a multiple of 18?
False
Is 83250 a multiple of 250?
True
Does 19 divide 330486?
True
Does 1837 divide 1922593?
False
Does 83 divide 3521832?
False
Is 4 a factor of 12941?
False
Does 139 divide 192098?
True
Is 505818 a multiple of 16?
False
Is 82349 a multiple of 94?
False
Does 47 divide 7199713?
False
Is 64357 a multiple of 363?
False
Does 22 divide 2662440?
True
Is 17 a factor of 30940?
True
Is 109 a factor of 120847?
False
Is 4637081 a multiple of 271?
True
Does 248 divide 34720?
True
Is 69269 a multiple of 113?
True
Is 1802025 a multiple of 17?
False
Is 5 a factor of 776646?
False
Does 38 divide 522728?
True
Is 7 a factor of 2238467?
True
Does 71 divide 71923?
True
Is 4 a factor of 28400?
True
Does 39 divide 15419859?
True
Is 235459 a multiple of 11?
False
Does 404 divide 2567417?
False
Is 15 a factor of 5857200?
True
Is 8629040 a multiple of 380?
True
Is 23 a factor of 4620493?
True
Is 111010 a multiple of 170?
True
Does 2 divide 706927?
False
Does 1373 divide 277419?
False
Is 6323900 a multiple of 45?
False
Is 27 a factor of 235629?
True
Is 280 a factor of 6458489?
False
Does 25 divide 3437725?
True
Does 95 divide 1256361?
False
Is 2201238 a multiple of 234?
True
Is 8104215 a multiple of 1659?
True
Is 261 a factor of 138152?
False
Does 22 divide 4266620?
False
Is 11 a factor of 6589?
True
Is 6154330 a multiple of 44?
False
Does 19 divide 6642247?
False
Is 653 a factor of 7504276?
True
Does 11 divide 17786384?
True
Is 5 a factor of 1592119?
False
Is 208743 a multiple of 43?
False
Is 22 a factor of 151921?
False
Is 122408 a multiple of 11?
True
Is 43 a factor of 179975?
False
Is 30 a factor of 117837?
False
Does 320 divide 252977?
False
Does 98 divide 114758?
True
Is 462540 a multiple of 55?
False
Is 233561 a multiple of 7?
False
Is 4987252 a multiple of 394?
True
Does 2218 divide 14178324?
False
Is 5952 a multiple of 3?
True
Does 241 divide 1970898?
True
Does 27 divide 1620?
True
Is 364862 a multiple of 7?
False
Does 5 divide 193557?
False
Is 150 a factor of 392976?
False
Is 98694 a multiple of 25?
False
Is 11 a factor of 178178?
True
Is 108 a factor of 564840?
True
Is 29 a factor of 74533?
False
Is 36 a factor of 51984?
True
Does 6 divide 423910?
False
Is 177880 a multiple of 235?
False
Does 230 divide 278216?
False
Is 128504 a multiple of 10?
False
Is 13 a factor of 116844?
True
Is 63516 a multiple of 316?
True
Does 78 divide 17909832?
False
Is 4 a factor of 611647?
False
Is 117 a factor of 246192?
False
Is 56961 a multiple of 157?
False
Does 5 divide 85214?
False
Is 471692 a multiple of 6?
False
Does 29 divide 231246?
True
Is 45 a factor of 613829?
False
Is 13 a factor of 25230?
False
Is 301939 a multiple of 272?
False
Is 45481 a multiple of 5?
False
Does 110 divide 306350?
True
Does 98 divide 595761?
False
Does 394 divide 365984?
False
Does 53 divide 179935?
True
Does 4 divide 77488?
True
Is 134994 a multiple of 14?
False
Does 36 divide 423887?
False
Is 107498 a multiple of 18?
False
Does 17 divide 8472595?
False
Is 797498 a multiple of 427?
False
Is 90 a factor of 57780?
True
Is 7226590 a multiple of 431?
False
Is 152141 a multiple of 11?
True
Is 54 a factor of 1503083?
False
Is 52105 a multiple of 11?
False
Is 297217 a multiple of 54?
False
Is 87 a factor of 666739?
False
Does 108 divide 250592?
False
Is 73618 a multiple of 15?
False
Does 9 divide 60438?
False
Does 46 divide 1009451?
False
Is 491195 a multiple of 46?
False
Does 15 divide 29640?
True
Is 4570857 a multiple of 286?
False
Is 1301309 a multiple of 53?
True
Does 307 divide 889188?
False
Is 144041 a multiple of 64?
False
Does 21 divide 34398?
True
Is 11679918 a multiple of 34?
True
Is 5532176 a multiple of 13?
True
Is 558916 a multiple of 14?
False
Is 6 a factor of 554455?
False
Is 464458 a multiple of 136?
False
Is 49 a factor of 413563?
False
Is 554918 a multiple of 14?
True
Is 283228 a multiple of 82?
True
Is 14 a factor of 182266?
True
Is 15 a factor of 593970?
True
Is 435 a factor of 43209?
False
Is 37741 a multiple of 517?
True
Does 110 divide 10725649?
False
Is 473946 a multiple of 334?
True
Is 84 a factor of 1061340?
True
Is 58 a factor of 2275693?
False
Is 46403 a multiple of 36?
False
Is 370 a factor of 2957905?
False
Does 66 divide 357324?
True
Does 28 divide 1354532?
False
Does 31 divide 11768618?
False
Does 10 divide 5017?
False
Is 45 a factor of 234495?
True
Is 463680 a multiple of 288?
True
Is 89335 a multiple of 17?
True
Is 365216 a multiple of 71?
False
Is 42738 a multiple of 3?
True
Is 289526 a multiple of 2?
True
Is 45 a factor of 240354?
False
Does 12 divide 3169284?
True
Does 1951 divide 7427457?
True
Does 5 divide 141979?
False
Is 585 a factor of 1747395?
True
Does 5 divide 169934?
False
Is 435000 a multiple of 63?
False
Is 132080 a multiple of 260?
True
Does 5 divide 756090?
True
Does 4 divide 33436?
True
Is 9 a factor of 4121613?
True
Is 1941850 a multiple of 588?
False
Does 87 divide 2101262?
False
Does 12 divide 60408?
True
Is 627 a factor of 77121?
True
Is 26270 a multiple of 2?
True
Does 11 divide 533159?
True
Is 11 a factor of 3371115?
True
Is 13 a factor of 259753?
True
Is 45757 a multiple of 6?
False
Is 115 a factor of 4564770?
False
Is 314044 a multiple of 15?
False
Is 12 a factor of 703536?
True
Is 2016523 a multiple of 7?
False
Is 818615 a multiple of 35?
True
Is 270 a factor of 226457?
False
Does 565 divide 4522260?
True
Does 74 divide 1094387?
False
Is 386277 a multiple of 217?
False
Is 164 a factor of 8993305?
False
Is 60230 a multiple of 38?
True
Is 117 a factor of 418545?
False
Does 2067 divide 16680690?
True
Is 59276 a multiple of 14?
True
Does 27 divide 3829113?
True
Is 48 a factor of 2760592?
False
Does 935 divide 14564495?
True
Does 7 divide 2075262?
True
Does 13 divide 157712?
False
Is 302 a factor of 633896?
False
Is 15 a factor of 306404?
False
Does 12 divide 578460?
True
Is 17437317 a multiple of 1098?
False
Is 250 a factor of 1599211?
False
Is 33 a factor of 170104?
False
Is 1932903 a multiple of 63?
True
Is 7367546 a multiple of 241?
False
Is 543763 a multiple of 47?
False
Is 308 a factor of 15273412?
True
Is 671711 a multiple of 78?
False
Does 10 divide 3768?
False
Is 572072 a multiple of 344?
True
Is 389689 a multiple of 44?
False
Is 160189 a multiple of 305?
False
Is 204 a factor of 750108?
True
Does 135 divide 2191346?
False
Does 78 divide 12639510?
True
Is 5006784 a multiple of 48?
True
Does 616 divide 2966832?
False
Is 26844 a multiple of 9?
False
Is 73 a factor of 393528?
False
Is 638296 a multiple of 92?
True
Is 6 a factor of 571290?
True
Does 30 divide 276870?
True
Is 21 a factor of 3867285?
False
Is 92 a factor of 54372?
True
Does 211 divi